{"id":17,"date":"2026-02-24T12:34:36","date_gmt":"2026-02-24T12:34:36","guid":{"rendered":"http:\/\/www.yanrev.com\/?page_id=17"},"modified":"2026-03-10T10:27:46","modified_gmt":"2026-03-10T10:27:46","slug":"biographie","status":"publish","type":"page","link":"https:\/\/www.yanrev.com\/?page_id=17","title":{"rendered":"Biographie"},"content":{"rendered":"\t\t<div data-elementor-type=\"wp-page\" data-elementor-id=\"17\" class=\"elementor elementor-17\">\n\t\t\t\t<div class=\"elementor-element elementor-element-9b77ed9 e-flex e-con-boxed e-con e-parent\" data-id=\"9b77ed9\" data-element_type=\"container\" data-e-type=\"container\">\n\t\t\t\t\t<div class=\"e-con-inner\">\n\t\t<div class=\"elementor-element elementor-element-1d79e17 e-con-full e-flex e-con e-child\" data-id=\"1d79e17\" data-element_type=\"container\" data-e-type=\"container\" data-settings=\"{&quot;background_background&quot;:&quot;gradient&quot;}\">\n\t\t\t\t<\/div>\n\t\t<div class=\"elementor-element elementor-element-ce23233 e-con-full e-flex e-con e-child\" data-id=\"ce23233\" data-element_type=\"container\" data-e-type=\"container\">\n\t\t\t\t<div class=\"elementor-element elementor-element-4202b035 elementor-widget elementor-widget-text-editor\" data-id=\"4202b035\" data-element_type=\"widget\" data-e-type=\"widget\" data-widget_type=\"text-editor.default\">\n\t\t\t\t\t\t\t\t\t<p><b>YANREV est auteur, compositeur, interpr\u00e8te, guitariste et r\u00e9alisateur.<\/b><\/p><p>N\u00e9 d&#8217;une m\u00e8re bretonne et d&#8217;un p\u00e8re espagnol, il apprend la guitare flamenco \u00e0 l&#8217;\u00e2ge de 7 ans avant de composer ses premi\u00e8res chansons et un premier album d\u00e8s 12 ans.<\/p><p>Son univers m\u00eale chanson fran\u00e7aise, pop \u00e9lectro, rythmiques br\u00e9siliennes et influences rock selon les histoires qu&#8217;il raconte.<\/p><p>Chaque chanson est pens\u00e9e comme un petit film musical : le th\u00e8me appelle son d\u00e9cor sonore, le texte dicte l&#8217;atmosph\u00e8re. Ainsi, <strong>LA BALLADE DE JIMI<\/strong> s&#8217;habille de blues rock, <strong>\u00c9COUTER LES ROSES<\/strong> se glisse dans une ballade br\u00e9silienne, <strong>SOLEIL, SOLEIL !<\/strong> s&#8217;\u00e9panouit dans la pop tandis que <strong>UN CAILLOU DANS MA CHAUSSURE<\/strong> revendique la chanson \u00e0 th\u00e8me avec humour et second degr\u00e9.<\/p><p>YANREV a compos\u00e9 plus d&#8217;une centaine de chansons, toutes port\u00e9es par des m\u00e9lodies accrocheuses et une \u00e9criture sensible. Ses titres dessinent une atmosph\u00e8re intimiste et d\u00e9licate, explorant les joies et les chagrins de l&#8217;amour, le soleil, les voyages \u2014 parfois jusqu&#8217;\u00e0 l&#8217;espace\u2014 mais aussi les petites histoires du quotidien comme passer un week-end avec une rose ou avancer avec un (gros) caillou dans la chaussure.<\/p><p>Il affectionne les collaborations f\u00e9minines qui apportent d&#8217;autres couleurs \u00e0 son univers, notamment avec Cathy\u00a0 RENOIR (ex-choriste de STING) sur SOLEIL, SOLEIL !, Emma SAF\u00c9RIS sur \u00c9COUTER LES ROSES ou encore avec la com\u00e9dienne Annabel ROHMER sur \u00c0 L&#8217;AVENANT et TOUT CE TEMPS QUI PASSE.<\/p>\t\t\t\t\t\t\t\t<\/div>\n\t\t\t\t<\/div>\n\t\t<div class=\"elementor-element elementor-element-7cd2644 e-con-full e-flex e-con e-child\" data-id=\"7cd2644\" data-element_type=\"container\" data-e-type=\"container\">\n\t\t\t\t<\/div>\n\t\t\t\t\t<\/div>\n\t\t\t\t<\/div>\n\t\t<div class=\"elementor-element elementor-element-382bb578 e-flex e-con-boxed e-con e-parent\" data-id=\"382bb578\" data-element_type=\"container\" data-e-type=\"container\">\n\t\t\t\t\t<div class=\"e-con-inner\">\n\t\t\t\t\t<\/div>\n\t\t\t\t<\/div>\n\t\t\t\t<\/div>\n\t\t","protected":false},"excerpt":{"rendered":"<p>YANREV est auteur, compositeur, interpr\u00e8te, guitariste et r\u00e9alisateur. N\u00e9 d&#8217;une m\u00e8re bretonne et d&#8217;un p\u00e8re espagnol, il apprend la guitare [&hellip;]<\/p>\n","protected":false},"author":1,"featured_media":0,"parent":0,"menu_order":0,"comment_status":"closed","ping_status":"closed","template":"","meta":{"site-sidebar-layout":"default","site-content-layout":"","ast-site-content-layout":"default","site-content-style":"default","site-sidebar-style":"default","ast-global-header-display":"","ast-banner-title-visibility":"","ast-main-header-display":"","ast-hfb-above-header-display":"","ast-hfb-below-header-display":"","ast-hfb-mobile-header-display":"","site-post-title":"","ast-breadcrumbs-content":"","ast-featured-img":"","footer-sml-layout":"","ast-disable-related-posts":"","theme-transparent-header-meta":"","adv-header-id-meta":"","stick-header-meta":"","header-above-stick-meta":"","header-main-stick-meta":"","header-below-stick-meta":"","astra-migrate-meta-layouts":"default","ast-page-background-enabled":"default","ast-page-background-meta":{"desktop":{"background-color":"var(--ast-global-color-5)","background-image":"","background-repeat":"repeat","background-position":"center center","background-size":"auto","background-attachment":"scroll","background-type":"","background-media":"","overlay-type":"","overlay-color":"","overlay-opacity":"","overlay-gradient":""},"tablet":{"background-color":"","background-image":"","background-repeat":"repeat","background-position":"center center","background-size":"auto","background-attachment":"scroll","background-type":"","background-media":"","overlay-type":"","overlay-color":"","overlay-opacity":"","overlay-gradient":""},"mobile":{"background-color":"","background-image":"","background-repeat":"repeat","background-position":"center center","background-size":"auto","background-attachment":"scroll","background-type":"","background-media":"","overlay-type":"","overlay-color":"","overlay-opacity":"","overlay-gradient":""}},"ast-content-background-meta":{"desktop":{"background-color":"var(--ast-global-color-4)","background-image":"","background-repeat":"repeat","background-position":"center center","background-size":"auto","background-attachment":"scroll","background-type":"","background-media":"","overlay-type":"","overlay-color":"","overlay-opacity":"","overlay-gradient":""},"tablet":{"background-color":"var(--ast-global-color-4)","background-image":"","background-repeat":"repeat","background-position":"center center","background-size":"auto","background-attachment":"scroll","background-type":"","background-media":"","overlay-type":"","overlay-color":"","overlay-opacity":"","overlay-gradient":""},"mobile":{"background-color":"var(--ast-global-color-4)","background-image":"","background-repeat":"repeat","background-position":"center center","background-size":"auto","background-attachment":"scroll","background-type":"","background-media":"","overlay-type":"","overlay-color":"","overlay-opacity":"","overlay-gradient":""}},"footnotes":""},"class_list":["post-17","page","type-page","status-publish","hentry"],"_links":{"self":[{"href":"https:\/\/www.yanrev.com\/index.php?rest_route=\/wp\/v2\/pages\/17","targetHints":{"allow":["GET"]}}],"collection":[{"href":"https:\/\/www.yanrev.com\/index.php?rest_route=\/wp\/v2\/pages"}],"about":[{"href":"https:\/\/www.yanrev.com\/index.php?rest_route=\/wp\/v2\/types\/page"}],"author":[{"embeddable":true,"href":"https:\/\/www.yanrev.com\/index.php?rest_route=\/wp\/v2\/users\/1"}],"replies":[{"embeddable":true,"href":"https:\/\/www.yanrev.com\/index.php?rest_route=%2Fwp%2Fv2%2Fcomments&post=17"}],"version-history":[{"count":31,"href":"https:\/\/www.yanrev.com\/index.php?rest_route=\/wp\/v2\/pages\/17\/revisions"}],"predecessor-version":[{"id":363,"href":"https:\/\/www.yanrev.com\/index.php?rest_route=\/wp\/v2\/pages\/17\/revisions\/363"}],"wp:attachment":[{"href":"https:\/\/www.yanrev.com\/index.php?rest_route=%2Fwp%2Fv2%2Fmedia&parent=17"}],"curies":[{"name":"wp","href":"https:\/\/api.w.org\/{rel}","templated":true}]}}